) = 12*c**3 - 1. Let p be w(1). Suppose 0*a - 3*v + 62 = 5*a, -2*v = a - p. Let d(q) = 6*q - 7 - 4*q + a*q**2 - 8*q**2 - q**3. Give d(5).
3
Suppose 2*a = -2*d - 16, -a + 10 = -4*a + 4*d. Let o(m) be the third derivative of m**6/120 + 7*m**5/60 + 5*m**4/24 - m**3/2 - 2*m**2. What is o(a)?
3
Let u be 1/(-2)*(7 - 11). Let y(z) = 6*z - 3. Determine y(u).
9
Let b(c) be the third derivative of 1/3*c**3 + 1/120*c**6 + 0 + 1/12*c**4 - c**2 + 0*c + 1/20*c**5. What is b(-2)?
2
Let f(w) = -3*w - 4*w - 4*w**2 + 5*w + 0*w. Determine f(-2).
-12
Suppose o = 3*o - 6. Let i(u) = 2*u**o + 0*u**2 - u**2 - 2*u + 3 - 2*u. Calculate i(2).
7
Let r be (-6)/9 - (-22)/6. Let j(t) = t**2 + 3*t. Let z(a) = 2*a**2 + 12*a - 4. Let y(c) = -3*j(c) + z(c). Calculate y(r).
-4
Let w(z) be the second derivative of -z**3/6 - 3*z**2 + 2*z. Let y = 7 - 11. Determine w(y).
-2
Let d(f) = -f**3 - 6*f**2 - 2*f - 3. Suppose 0 = -4*l - 12 - 12. Determine d(l).
9
Let y(n) = -n**3 + 5*n**2 - 4*n - 2. Let a(v) = -v**3 - 8*v**2 - v + 8. Let t be a(-8). Let k = t - 12. Determine y(k).
-2
Let l(t) = t**2 - 4*t - 3. Let g be (-38)/(-14) - (-20)/70. Give l(g).
-6
Let y(k) = -k**2 - 5*k - 2. Let w(q) be the third derivative of -q**5/15 + q**4/24 + 2*q**2. Let d be w(-1). Calculate y(d).
-2
Let p(z) = 6*z**2 - 2*z - 6. Let q(b) = -b**3 - 1. Let a(j) = p(j) - q(j). Give a(-6).
7
Let j(u) = -1 - 3*u + 4*u - 3. Let k = -13 + 22. Let f be (-3)/(k/4)*-3. Calculate j(f).
0
Let y(g) = -g + 2. Let d be -8*(2/20 + (-3)/5). Determine y(d).
-2
Let o(r) = 8*r - 1. Let c(i) be the second derivative of -i**3/3 - 3*i**2/2 + i. Let k be c(-6). Let t be k/(-27) + 2/(-3). Give o(t).
-9
Let d(i) = -i**3 - 3*i**2 + 5*i - 1. Let k(y) = 2*y**3 + 4*y**2 - 6*y + 1. Let g(f) = 5*d(f) + 4*k(f). Calculate g(1).
4
Let y(z) = z - 3. Let v be y(2). Let g(m) = 11*m + m**2 - 3 - 14*m + 4 + 5*m. Determine g(v).
0
Let y be (2 - 1)*(4 - -2). Let w be ((-6)/(-5))/(y/(-30)). Let r(m) = m**2 + 6*m - 2. Give r(w).
-2
Let s be 2/(-4)*4 - -8. Let h(i) = 6 + s*i**2 - 5*i - 13*i**2 + 6*i**2. Give h(-5).
6
Let m(s) = 4*s + 2. Let v be -4 + 4 + 4/1. Suppose -4 = v*r - 2*r. Determine m(r).
-6
Let x(m) be the first derivative of 5*m**2/2 - 1. Let t be -2 + (0 - -2) + -2. Let s = t + 3. Give x(s).
5
Let y = -4 - -8. Let m(n) = -n**3 + 5*n**2 - 5*n - 2. What is m(y)?
-6
Let q be (8/20)/((-3)/15). Let s(z) = -2*z**3 - 2*z**2 + 2*z. What is s(q)?
4
Let g(t) = 2 + 1 - 5 + 1. Let p(n) = -n + 1. Let c(b) = -3*g(b) - p(b). Give c(-5).
-3
Let t(m) be the third derivative of -m**6/120 + 7*m**5/60 + 7*m**4/24 + 11*m**3/6 - 6*m**2. Give t(8).
3
Let j(u) be the third derivative of -u**5/60 - 5*u**4/24 - u**3/2 + 6*u**2 + u. Calculate j(-3).
3
Let z(k) be the second derivative of -k**8/6720 + k**6/720 + k**4/4 - 3*k. Let n(w) be the third derivative of z(w). Calculate n(-2).
6
Let g(h) be the third derivative of h**6/120 + h**5/12 - h**4/3 - h**3/3 + 7*h**2. What is g(-6)?
10
Let c(d) = -d**2 + 7*d + 5. Suppose -3*p + 5*a = 4, -3 + 14 = 3*p - 2*a. Give c(p).
5
Let m(n) be the third derivative of -n**5/30 + n**3/6 + n**2. Let a(o) be the first derivative of m(o). Suppose 11 = -k + 12. Give a(k).
-4
Let c(j) = -j - 1. Suppose -1 = 4*k - 9. Suppose 7*f + 5 = k*f. Let s = f - 4. Determine c(s).
4
Let i(a) = a**3 - 2*a - 2. Let v(o) = -2*o**2 - o - 1. Suppose 4*k + 4*n + 4 = 0, -2*k + n = 4*n + 2. Let f be v(k). Determine i(f).
-6
Let y = 30 + -33. Let x(v) = -v**3 + 5*v + 3. Calculate x(y).
15
Let g(i) = 5 - 5 + 7 - i + 0*i. Suppose 2*r - 8 = 4. What is g(r)?
1
Let p be (2/18)/(4/3). Let o(g) be the second derivative of -2/3*g**3 - p*g**4 + 2*g - 1/2*g**2 + 0. Calculate o(-4).
-1
Let y be -1*2*(-1 + -3). Suppose 3 = -g + y. Suppose l + 2 = 0, 4 + g = -s - 5*l. Let h(r) = 5*r**3 - r**2 - r + 1. What is h(s)?
4
Let p(n) = -n - 6. Suppose 0 = 31*i - 20*i + 110. Give p(i).
4
Suppose -35 = -4*l - 5*u, 0 = 2*l - 0*u + 3*u - 19. Suppose l*m + 16 = 4*f, m - 2*f + 2 = -6. Let s(r) = -2 + m + 4*r**3 + 3. Calculate s(-1).
-3
Let h(x) = x**2 + 8*x - 15. Let o be h(-10). Suppose d + 12 = -3*m, 3*d - o*d - m + 1 = 0. Let l(g) = g**2 - 5*g + 2. What is l(d)?
-4
Let n(s) = -s**3 + s**2 + s - 1. Let g be n(1). Let a(m) = 7*m + 6*m**2 + 2 + g*m**3 + 5 + m**3. Determine a(-5).
-3
Let g(m) = m**3 - 5*m**2 + 5*m + 1. Let c be (1/1)/((-2)/(-8)). Let w be g(c). Let a(r) = -r**2 + 3*r + 6. Give a(w).
-4
Let f = 2 + -2. Let g(p) be the second derivative of 1/20*p**5 - 1/6*p**3 + 2*p**2 + 2*p + 0*p**4 + 0. What is g(f)?
4
Suppose -3*s + 1 = 4*o, s = -3*o + 2*o. Let k(f) be the first derivative of -f**2 + 4*f + 1 - 2*f**2 - 3*f. Determine k(o).
-5
Suppose 4*z - 3*z = 4*d - 20, z = 2*d - 10. Suppose s - 6 = n + 5, n + d = 0. Let m(x) = -x**2 + 3*x + 8. What is m(s)?
-10
Let k(i) be the first derivative of i**6/360 + i**5/30 + 2*i**3/3 + 1. Let l(z) be the third derivative of k(z). Let x be (3/2)/((-9)/24). Determine l(x).
0
Let k(n) = 4*n. Let g = -124 + 119. Give k(g).
-20
Let m(k) be the first derivative of 2*k - 1/2*k**2 - 5. Calculate m(3).
-1
Let b(u) = -u**2 - 9*u + 10. Suppose i = -2*p - 25, p - 6*p - i = 55. Calculate b(p).
0
Suppose 3*f + 25 = -26. Let w(s) = -6*s**2 + 20. Let b(n) = 2*n**2 - 7. Let d(j) = f*b(j) - 6*w(j). Give d(1).
1
Let p(w) = 7*w**2 + 9. Let b(o) = -6*o**2 + o - 8. Let z(j) = 6*b(j) + 5*p(j). Let m = -10 + 15. Calculate z(m).
2
Suppose -3*c + 21 = 4*c. Let x(q) = -2*q - 4. Determine x(c).
-10
Let s(b) = -6*b**3 + 2 - 2*b**2 - b**2 + 7*b**3 - b. Suppose -19 = -4*g - a, 3*g + 3 - 21 = -2*a. Suppose -g = -5*i + 6. Calculate s(i).
-4
Let x(r) = r**3 + 4*r**2 + 5*r + 3. Let m = -79 - -76. Determine x(m).
-3
Let p be (-14)/35 + (0 - (-104)/10). Let k(l) = -l**2 + 10*l + 5. What is k(p)?
5
Let u(z) = -z + 7. Let f = 3 + 8. Give u(f).
-4
Let x(f) = -f**2 - f + 6. Let s(h) = -h**2 + h + 1. Let q(w) = -2*s(w) + x(w). Give q(3).
4
Let c(n) = n - 6. Let k = -8 - -14. Suppose k*h = h. Calculate c(h).
-6
Let s = -10 + 7. Let j(r) = 3 + 2*r**2 - 80*r - 80*r + 165*r. Give j(s).
6
Suppose 2*o + 7 = z, -z - 4*z + 4*o + 29 = 0. Let b = z - 4. Let d(a) = 5*a**2 + a. Determine d(b).
6
Let a be (-1 - (1 + -1))*0. Suppose 0 = -a*t - 4*t - 12. Let j = -2 - t. Let b(c) = -8*c**2 + 1. What is b(j)?
-7
Let s(n) = 11*n - 51. Let b be s(5). Let m(u) = 2*u**2 - 3*u + 4. What is m(b)?
24
Let t(k) = k - 3. Let q be t(3). Let w = -2 - -2. Let b(v) = w - v + q*v - 1. Calculate b(-3).
2
Let k = 83 - 85. Let u(s) = s**3 - s**2 + 4*s + 3. Determine u(k).
-17
Let u(p) = p. Let v(h) = h + 8. Let n be v(-6). Let s be 4/(-5)*(-15)/n. Determine u(s).
6
Let t(a) = -2*a**2 + a - 1. Let b(r) = -r**2 + r - 1. Suppose -3*k - 6 = 3. Let z(l) = k*b(l) + 2*t(l). What is z(0)?
1
Let u(w) be the third derivative of -w**8/20160 - w**7/840 - w**6/180 - w**5/20 + 2*w**2. Let a(m) be the third derivative of u(m). Give a(-5).
1
Let n(u) = -u**3 + u - 1. Suppose -3*w - 5 = -4*l, 5*w - 4*l - 1 = -2*l. Calculate n(w).
-1
Suppose 0*h = r - h - 6, 2*h = -r + 3. Let j(w) = -3*w**2 - 11*w + 4. Let x(n) = 2*n**2 + 6*n - 2. Let c(k) = -3*j(k) - 5*x(k). What is c(r)?
-12
Let o(r) = r**2 - 5*r - 7. Let z(q) = q**2 + 7*q + 17. Let y be z(-5). What is o(y)?
7
Let n(c) = c**2 + 2*c + 2. Let i be n(0). Let k(m) be the first derivative of m + i*m**2 - 1/4*m**4 - 2 + 4/3*m**3. Give k(5).
-4
Suppose 5 = 2*a - 25. Suppose w - a = 2*q, 5 = 2*q + q + 4*w. Let r(d) = d. What is r(q)?
-5
Suppose -4*s + 4*w = -16, s + 3*w = -2*s + 6. Let o(r) = 0*r + 0*r**2 - 2*r**2 - s*r**2 - 1 + 2*r. Calculate o(1).
-4
Let u(v) = 2*v**3 - 3*v**2 + v - 2. Let q be u(2). Let w(n) = q*n - 3*n - 12 + 3. Calculate w(5).
-4
Let k(f) = -f - 1. Let d(p) = -p**2 + 11*p - 6. Let w be d(11). Let r be 20/w*(-6)/(-5). What is k(r)?
3
Let b(c) = c + 1. Let t(h) = -2*h - 3. Let n(f) = -7*b(f) - 3*t(f). Give n(7).
-5
Let k(z) = 7*z**2 + 7*z + 4. Let v(o) = -2*o**2 + 3*o**2 + 0*o**2. Let f(w) = -k(w) + 6*v(w). Let r be -3*(3/(-9) - -2). Determine f(r).
6
Let a(r) = -r**3 + 14*r**2 + 4. Let q be a(14). Suppose 5*j + 0*j + 4*y = 32, -q*j + y = -13. Let m(k) = -2*k + 2. Determine m(j).
-6
Let b be 1/(5/25*-1). Let q(h) be the second derivative of h**6/240 + 7*h**5/120 - h**4/6 + h. Let n(j) be the third derivative of q(j). Calculate n(b).
-8
Let u(w) = 3 - 7*w**2 - 2 